931
Let z be (1 + -1 + (1 - 1))/2. Suppose -t = -r + 4*t - 4, z = r + t + 10. Let b(s) = s**2 + 20. What are the prime factors of b(r)?
101
Let t = 27016 - -9733. List the prime factors of t.
36749
Suppose 3*s + 5*s = -928. What are the prime factors of -791*(s/28 + 4)?
113
Let n = -114 + 128. Let g = 25 - n. Suppose -13*k + g*k = -142. List the prime factors of k.
71
Let z be 4/34 + (-371)/119. Let x be (-225)/60*(1 - z). What are the prime factors of 49/2 + x/10?
23
Let c be (-12)/48 - 5892/(-16). Suppose 2*j - 5*n + 9*n = c, -502 = -3*j + 4*n. List the prime factors of j.
2, 3, 29
Let b(t) = -29*t - 13. Let a(x) = 4*x**2 + 10*x + 14. Let z be a(-6). Let r = z - 105. List the prime factors of b(r).
2, 5, 19
Let s be ((-4)/10)/((-1)/10). Suppose -3*l + 0*i - 3*i = -12, 4 = s*i. Suppose -l*z - 4*b = -141 - 248, -2*z - b = -251. List the prime factors of z.
3, 41
What are the prime factors of (98 + 237)*((3 - (-75 - -2)) + 3)?
5, 67, 79
Let v(n) = 2*n**3 + 241*n**2 + 137*n + 144. List the prime factors of v(-118).
2, 3, 8933
Let s = 235 - -45. Suppose -3*f - 4*x = -21, -63*x - 24 = -3*f - 68*x. Suppose f*b = 3*t - b - s, -t = b - 105. What are the prime factors of t?
2, 5
Suppose 0 = u + 3*u - 68. Let j(c) = c**3 - 18*c**2 + 15*c + 37. Let z be j(u). Suppose -2*l + z*x - 7*x = -370, 170 = l + 5*x. List the prime factors of l.
3, 5, 13
Let d(s) = 4*s + 14. Let w(q) = 18*q**3 - q**2. Let t be w(1). Suppose 2*v - t = 2*j + 11, j = -4*v + 81. List the prime factors of d(v).
2, 3, 5
Let t = 3923 - -1577. What are the prime factors of t?
2, 5, 11
Suppose 3*b + 2*h = 227, 3*b - h = -2*h + 232. Suppose 2*j - b - 13 = 0. Let v = -22 + j. What are the prime factors of v?
2, 3
Let j = 260 + -257. Suppose 1 = -2*x + 11, -4*x = -2*w + 4. List the prime factors of w/(-4) + j*8.
3, 7
Let p be -1 - 9/((-27)/30). List the prime factors of (47820/(-40))/(p/(-6)).
797
Let k be 1/(-1*(-5)/40). Suppose -3*i = -12, 2*i - k = -4*x - 2*i. List the prime factors of 1/x*(-292)/2.
73
Suppose 25*k = 30*k - 3420. Suppose k = 14*f - 2312. What are the prime factors of f?
2, 107
Suppose -r + 4*r = 12. Let f be 22/(4/(-3*r)). What are the prime factors of (f*(-2)/10)/(1/5)?
2, 3, 11
Let g(q) = -12*q + 8. Let f(w) = -w**2 + 25*w + 50. Let p be f(27). List the prime factors of g(p).
2, 7
List the prime factors of 2886345/65 - 92/299.
5, 83, 107
Let l(v) = v**3 + 21*v**2 - 61*v - 54. What are the prime factors of l(-20)?
2, 3, 29
Suppose 4316 + 289 = -15*n. Let k = n - -528. What are the prime factors of k?
13, 17
Suppose 49 = 9*z - 5. Suppose 11*c = z*c - w + 5599, 3*w = c - 1107. What are the prime factors of c?
3, 373
Let y(n) = -n**2 - 8*n + 37. Let d be y(-11). Let w(f) = -d*f + 3*f + 21 - f - 5*f. What are the prime factors of w(-10)?
7, 13
Suppose -4*f - 160*q + 11396 = -163*q, 0 = 3*f + 4*q - 8572. List the prime factors of f.
2, 23, 31
Suppose -17*q - 18 = -11*q. Let j be (q - -2)*(0 - 2). Suppose -5*i = -h - 28 - 88, j*i - 48 = 2*h. What are the prime factors of i?
23
Suppose -5*b = p - 90, 2*b + 0*b - 5*p = 36. Let o be (-3)/6 - (-117)/b. List the prime factors of (o/(-4))/((-18)/456).
2, 19
Let n = 8169 - 3846. List the prime factors of n.
3, 11, 131
Suppose 2*l = -4*k, -5*l = -2*k - 2*l - 16. Let f(w) = -44*w - 218. Let v be f(-5). What are the prime factors of (k/v)/(634/(-211) + 3)?
211
Suppose c + 31*m - 35*m = 21046, -2*c = 3*m - 42147. List the prime factors of c.
2, 3, 3511
Let g(n) = -149*n - 1. Suppose -8*f = -2*f + 12. What are the prime factors of g(f)?
3, 11
Let n(d) = d**2 - d - 1. Let s = -5 + 7. Let k be n(s). What are the prime factors of (-740)/(-5)*k + 0?
2, 37
What are the prime factors of 6/(-2) + (4235 - 3)?
4229
Let k = -47 + 49. Suppose 0 = 2*s + k*s - 2208. What are the prime factors of ((-2)/6)/(2/s*-4)?
23
Suppose 3*v - 17524 + 134074 = 93*v. What are the prime factors of v?
5, 7, 37
List the prime factors of 1/253*2008039 - (-2)/23.
7937
Suppose 2*c - 50 = -4*q, 0 = 6*c - 3*c + 15. Suppose 0 = 5*r + 5 - q, -5*r + 115 = 5*p. What are the prime factors of (-7)/p + 421/3?
2, 5, 7
Let k(g) = -11*g**2 - 8*g - 23. Let f be k(-7). Let y = f - -1224. What are the prime factors of y?
2, 359
Let z(t) = 11*t - 16. Let n be z(-18). Let l = n + 422. What are the prime factors of l?
2, 13
Let i be (-10*3/(-12))/(1/2). Suppose i*d + 8 = 28. Suppose -381 = -7*z + d*z. What are the prime factors of z?
127
Suppose 15 = 5*d - 0. Suppose -5*w + x = -17, -x + 24 = 3*w + d*x. Suppose 3*o + g - 40 = 0, w*g + 1 = -4*o + 65. What are the prime factors of o?
2, 3
Suppose k - 51920 = 3*t, 727056 = 14*k - 22*t + 24*t. What are the prime factors of k?
2, 12983
Suppose -5*v = 49 - 59. Suppose -4*q = i - 333, v*q + 3*q + 369 = i. What are the prime factors of i?
349
Let b(l) = -5*l**2 - 8*l - 3. Let s be b(2). Let c = 55 - s. Suppose -98*z + 208 = -c*z. What are the prime factors of z?
2, 13
Suppose 10 = 3*k - 5, 2*f + 3*k - 775 = 0. List the prime factors of 40/f + 37840/76 + 3.
3, 167
Let p = -7195 + 20872. List the prime factors of p.
3, 47, 97
List the prime factors of ((-22075)/(-5))/((-20)/(-60)).
3, 5, 883
Let l(z) = -34*z**3 + 6*z**2 - 6*z - 6. Suppose 0 = -11*q + 19*q + 24. List the prime factors of l(q).
2, 3, 41
Let c = -1320 + 3680. Suppose 14*i - 9*i = -3*v + c, v - 782 = 3*i. What are the prime factors of v?
5, 157
Suppose 20*i - 24*i - 10756 = -2*q, 3*i + 5383 = q. What are the prime factors of q?
2, 11, 61
Suppose 166*i = 104*i + 248. Let a(t) = t**2 - 3*t - 2. Let k be a(4). Suppose -3*f + 167 = 4*l, i*l - k*f - 160 = 2*f. List the prime factors of l.
41
Suppose 38*d = 21*d - 17. List the prime factors of (d - 17)*(-10370)/183.
2, 3, 5, 17
Let g(a) = 55*a**2 + 3*a - 5. Let k = 130 - 128. Suppose 2*t - 3*u + 2 = 0, 4*u - k = 5*t - 4. List the prime factors of g(t).
13, 17
Suppose 0 = 13*v - 41751 - 63237. List the prime factors of v.
2, 3, 673
Let t be ((-51)/6)/(11/(-5412)). Suppose -8*r + t = -5*r. List the prime factors of r.
2, 17, 41
Let q(c) = 312*c**2 - 9*c + 70. List the prime factors of q(5).
5, 313
Suppose 35*p = 17742 + 28878. Let c = p + -928. List the prime factors of c.
2, 101
Let f = 3270 + 6080. List the prime factors of f.
2, 5, 11, 17
Let v(d) = 2*d**3 - 10*d**2 + 4*d - 13. Let c be v(5). Suppose -2429 + 497 = -c*q. What are the prime factors of q?
2, 3, 23
Let j = -598 + 2169. Suppose -9*q = 2*c - 10*q - j, 0 = 2*q - 10. What are the prime factors of c?
2, 197
Suppose 5*l + 2871 = 3*t - 4918, t + 2*l = 2600. List the prime factors of t.
2, 3, 433
Let c(h) be the second derivative of -h**5/20 - 2*h**4 - 3*h**3 - 43*h**2/2 + 110*h. What are the prime factors of c(-24)?
389
Let d(c) = -c**2 + 2*c. Let m = 65 - 63. Let x be d(m). Suppose -8 = -x*l - 2*l, -198 = -2*p + 3*l. What are the prime factors of p?
3, 5, 7
Suppose 3*b - 45960 = -4*w, -b = b + 3*w - 30639. List the prime factors of b.
2, 3, 1277
Suppose -188*l = 174819 - 4034271. What are the prime factors of l?
3, 2281
Let x be 7/((-28)/24)*-24. Suppose -2*y + 370 = -380. Suppose -x = 3*g - y. List the prime factors of g.
7, 11
Let m be (1 + 2)*1 + 1. Suppose 674 = m*i - 574. Suppose -i = -8*o + 4*o. What are the prime factors of o?
2, 3, 13
Suppose 6*u + 137*u + 110*u - 6399129 = 0. List the prime factors of u.
3, 8431
Suppose -478*t = -102*t - 20129160. List the prime factors of t.
3, 5, 43, 83
Let a = 62815 + -29204. List the prime factors of a.
19, 29, 61
Let g(x) = 15*x**2 - 10*x + 9. Let a be 2*3*-4*10/(-48). What are the prime factors of g(a)?
2, 167
Let t = -40 + 45. Suppose 3*u - t*o = -o + 6, -4*u - 2*o - 14 = 0. List the prime factors of (36/5)/(u/(-40)*4).
2, 3
Suppose -4*b - 16 = 0, 14*g - b = 17*g - 221531. What are the prime factors of g?
3, 5, 547
Let d = 1 + -79. Let v = d - -80. Suppose 3*b = -5*o + 359, 3*o - v*o - 121 = -b. What are the prime factors of b?
3, 41
Let d = 77 - 75. Suppose -10 = -d*o, o - 151 = 5*p - 2571. What are the prime factors of p?
5, 97
Suppose 10*c + 34 = -36. What are the prime factors of ((-3)/(-24) + (-1289)/8)*c?
7, 23
Suppose -121*b + 122*b - 4 = 0. Suppose -b*s + 495 = s. List the prime factors of s.
3, 11
Suppose -2475 = -4*b + 13*b. Let f = 651 + b. List the prime factors of f.
2, 47
Let i(t) = 650*t**3 - t**2 + 3*t - 2. Let b b